

{"id":5,"date":"2024-05-19T01:56:42","date_gmt":"2024-05-18T23:56:42","guid":{"rendered":"https:\/\/sol-hydro.com\/?page_id=5"},"modified":"2025-07-17T18:37:42","modified_gmt":"2025-07-17T16:37:42","slug":"sol-hydro","status":"publish","type":"page","link":"https:\/\/sol-hydro.com\/","title":{"rendered":"Page d&#8217;accueil"},"content":{"rendered":"\n<div class=\"wp-block-group alignfull has-background has-global-padding is-content-justification-center is-layout-constrained wp-block-group-is-layout-constrained\" style=\"background-color:#e5e9ec;padding-top:var(--wp--preset--spacing--small);padding-bottom:var(--wp--preset--spacing--small)\">\n<div class=\"wp-block-columns is-layout-flex wp-container-core-columns-is-layout-7db7aa3e wp-block-columns-is-layout-flex\" style=\"padding-right:0;padding-left:0\">\n<div class=\"wp-block-column is-vertically-aligned-center is-layout-flow wp-block-column-is-layout-flow\">\n<h2 class=\"wp-block-heading has-medium-font-size\" style=\"text-transform:uppercase\">La Coop\u00e9rative Vous attend !<\/h2>\n\n\n\n<p>Nous sommes \u00e0 la recherche de b\u00e9n\u00e9voles pour participer \u00e0 la cr\u00e9ation et \u00e0 la vie de la coop\u00e9rative.<\/p>\n\n\n\n<p>En quoi cela consiste t-il ? :<br>&#8211; Apporter ses id\u00e9es et ses comp\u00e9tences techniques <br>&#8211; Participer aux d\u00e9marches administratives   <br>&#8211; Participer \u00e0 la mise en place des projets d&#8217;\u00e9nergies renouvelables gr\u00e2ce \u00e0 des outils de communication et d&#8217;informations<br>&#8211; Etre participant en tant que producteur d&#8217;\u00e9nergies renouvelables <\/p>\n\n\n\n<p>Qui peut participer ?<br>Toutes personnes motiv\u00e9es et pr\u00eates \u00e0 investir du temps b\u00e9n\u00e9volement pour un projet qui \u00e0 du sens au sein de la soci\u00e9t\u00e9 d&#8217;aujourd&#8217;hui et qui voient surtout l&#8217;impact des besoins en \u00e9nergies sur le long terme.<\/p>\n\n\n\n<div class=\"wp-block-buttons is-horizontal is-content-justification-left is-layout-flex wp-container-core-buttons-is-layout-20be11b6 wp-block-buttons-is-layout-flex\">\n<div class=\"wp-block-button is-style-outline is-style-outline--1\"><a class=\"wp-block-button__link wp-element-button\" href=\"https:\/\/sol-hydro.com\/index.php\/contact\/\">Nous contacter<\/a><\/div>\n<\/div>\n\n\n\n<p>&#8220;<em>Rien ne se perd, rien ne se cr\u00e9e, tout se transforme<\/em>&#8220;. <sub><sup>Antoine Lavoisier<\/sup><\/sub><br>Soyons acteurs de notre transformation.<\/p>\n<\/div>\n\n\n\n<div class=\"wp-block-column is-layout-flow wp-block-column-is-layout-flow\">\n<figure class=\"wp-block-image size-full\"><img loading=\"lazy\" decoding=\"async\" width=\"2560\" height=\"2560\" src=\"http:\/\/sol-hydro.com\/wp-content\/uploads\/2025\/03\/Cooperation-ENR-scaled.jpg\" alt=\"\" class=\"wp-image-356\" style=\"box-shadow:var(--wp--preset--shadow--natural)\" srcset=\"https:\/\/sol-hydro.com\/wp-content\/uploads\/2025\/03\/Cooperation-ENR-scaled.jpg 2560w, https:\/\/sol-hydro.com\/wp-content\/uploads\/2025\/03\/Cooperation-ENR-300x300.jpg 300w, https:\/\/sol-hydro.com\/wp-content\/uploads\/2025\/03\/Cooperation-ENR-1024x1024.jpg 1024w, https:\/\/sol-hydro.com\/wp-content\/uploads\/2025\/03\/Cooperation-ENR-150x150.jpg 150w, https:\/\/sol-hydro.com\/wp-content\/uploads\/2025\/03\/Cooperation-ENR-2000x2000.jpg 2000w\" sizes=\"auto, (max-width: 2560px) 100vw, 2560px\" \/><\/figure>\n<\/div>\n<\/div>\n<\/div>\n\n\n\n<div class=\"wp-block-group alignfull has-background has-global-padding is-content-justification-center is-layout-constrained wp-block-group-is-layout-constrained\" style=\"background-color:#e5e9ec;padding-top:var(--wp--preset--spacing--small);padding-bottom:var(--wp--preset--spacing--small)\">\n<div class=\"wp-block-columns is-layout-flex wp-container-core-columns-is-layout-7db7aa3e wp-block-columns-is-layout-flex\" style=\"padding-right:0;padding-left:0\">\n<div class=\"wp-block-column is-layout-flow wp-block-column-is-layout-flow\">\n<figure class=\"wp-block-image size-full\"><img loading=\"lazy\" decoding=\"async\" width=\"1024\" height=\"768\" src=\"http:\/\/sol-hydro.com\/wp-content\/uploads\/2024\/12\/Ingenierie-dune-installation-solaire-photovoltaique_1.jpg\" alt=\"\" class=\"wp-image-205\" style=\"box-shadow:var(--wp--preset--shadow--natural)\" srcset=\"https:\/\/sol-hydro.com\/wp-content\/uploads\/2024\/12\/Ingenierie-dune-installation-solaire-photovoltaique_1.jpg 1024w, https:\/\/sol-hydro.com\/wp-content\/uploads\/2024\/12\/Ingenierie-dune-installation-solaire-photovoltaique_1-300x225.jpg 300w\" sizes=\"auto, (max-width: 1024px) 100vw, 1024px\" \/><\/figure>\n<\/div>\n\n\n\n<div class=\"wp-block-column is-vertically-aligned-center is-layout-flow wp-block-column-is-layout-flow\">\n<h2 class=\"wp-block-heading has-medium-font-size\" style=\"text-transform:uppercase\">Photovolta\u00efque<\/h2>\n\n\n\n<p>R\u00e9duire sa facture d&#8217;\u00e9lectricit\u00e9 ?<br>Devenir autonome en \u00e9lectricit\u00e9 ou autoconsommer sa production ?<br><strong>C&#8217;est possible !<\/strong><\/p>\n\n\n\n<div class=\"wp-block-buttons is-horizontal is-content-justification-left is-layout-flex wp-container-core-buttons-is-layout-20be11b6 wp-block-buttons-is-layout-flex\">\n<div class=\"wp-block-button is-style-outline is-style-outline--2\"><a class=\"wp-block-button__link wp-element-button\" href=\"https:\/\/sol-hydro.com\/index.php\/photovoltaique\/\">D\u00e9couvrir<\/a><\/div>\n<\/div>\n\n\n\n<p><\/p>\n<\/div>\n<\/div>\n<\/div>\n\n\n\n<div class=\"wp-block-group alignfull has-background has-global-padding is-content-justification-center is-layout-constrained wp-block-group-is-layout-constrained\" style=\"background-color:#e5e9ec;padding-top:var(--wp--preset--spacing--small);padding-bottom:var(--wp--preset--spacing--small)\">\n<div class=\"wp-block-columns is-layout-flex wp-container-core-columns-is-layout-7db7aa3e wp-block-columns-is-layout-flex\" style=\"padding-right:0;padding-left:0\">\n<div class=\"wp-block-column is-vertically-aligned-center is-layout-flow wp-block-column-is-layout-flow\">\n<h2 class=\"wp-block-heading has-medium-font-size\" style=\"text-transform:uppercase\">Hydro\u00e9lectricit\u00e9<\/h2>\n\n\n\n<p>L&#8217;hydro\u00e9lectricit\u00e9 est la premi\u00e8re source d&#8217;\u00e9nergies renouvelables en France et repr\u00e9sente un enjeu de souverainet\u00e9 majeur pour le pays.<\/p>\n\n\n\n<p><\/p>\n\n\n\n<div class=\"wp-block-buttons is-horizontal is-content-justification-left is-layout-flex wp-container-core-buttons-is-layout-20be11b6 wp-block-buttons-is-layout-flex\">\n<div class=\"wp-block-button is-style-outline is-style-outline--3\"><a class=\"wp-block-button__link wp-element-button\" href=\"https:\/\/sol-hydro.com\/index.php\/centrale-de-leau-de-la\/\">D\u00e9couvrir<\/a><\/div>\n<\/div>\n\n\n\n<p><\/p>\n<\/div>\n\n\n\n<div class=\"wp-block-column is-layout-flow wp-block-column-is-layout-flow\">\n<figure class=\"wp-block-image size-full is-resized\"><img loading=\"lazy\" decoding=\"async\" width=\"2560\" height=\"1920\" src=\"http:\/\/sol-hydro.com\/wp-content\/uploads\/2024\/11\/IMG_2741-1-scaled.jpg\" alt=\"\" class=\"wp-image-152\" style=\"box-shadow:var(--wp--preset--shadow--natural);width:550px;height:auto\" srcset=\"https:\/\/sol-hydro.com\/wp-content\/uploads\/2024\/11\/IMG_2741-1-scaled.jpg 2560w, https:\/\/sol-hydro.com\/wp-content\/uploads\/2024\/11\/IMG_2741-1-300x225.jpg 300w, https:\/\/sol-hydro.com\/wp-content\/uploads\/2024\/11\/IMG_2741-1-1024x768.jpg 1024w, https:\/\/sol-hydro.com\/wp-content\/uploads\/2024\/11\/IMG_2741-1-2000x1500.jpg 2000w\" sizes=\"auto, (max-width: 2560px) 100vw, 2560px\" \/><\/figure>\n<\/div>\n<\/div>\n<\/div>\n\n\n\n<div class=\"wp-block-group alignfull has-black-background-color has-background has-global-padding is-layout-constrained wp-container-core-group-is-layout-4383d167 wp-block-group-is-layout-constrained\">\n<div style=\"height:151px\" aria-hidden=\"true\" class=\"wp-block-spacer\"><\/div>\n\n\n\n<div class=\"wp-block-columns are-vertically-aligned-center is-layout-flex wp-container-core-columns-is-layout-28f84493 wp-block-columns-is-layout-flex\">\n<div class=\"wp-block-column is-vertically-aligned-center is-layout-flow wp-block-column-is-layout-flow\" style=\"flex-basis:70%\">\n<h2 class=\"wp-block-heading has-text-align-left has-white-color has-text-color has-large-font-size\" style=\"font-style:normal;font-weight:500\">Restez inform\u00e9 de l&#8217;\u00e9volution du projet ou des derni\u00e8res nouveaut\u00e9s en vous inscrivant \u00e0 notre lettre d&#8217;information.<\/h2>\n<\/div>\n\n\n\n<div class=\"wp-block-column is-vertically-aligned-center is-layout-flow wp-block-column-is-layout-flow\">\n<div class=\"wp-block-buttons wpz-alt-button is-content-justification-center is-layout-flex wp-container-core-buttons-is-layout-a89b3969 wp-block-buttons-is-layout-flex\">\n<div class=\"wp-block-button alignright is-style-fill\"><a class=\"wp-block-button__link has-black-color has-white-background-color has-text-color has-background wp-element-button\" href=\"https:\/\/sol-hydro.com\/index.php\/newsletter\/\">S&#8217;inscrire \u00e0 la lettre d&#8217;information<\/a><\/div>\n<\/div>\n<\/div>\n<\/div>\n\n\n\n<div style=\"height:152px\" aria-hidden=\"true\" class=\"wp-block-spacer\"><\/div>\n<\/div>\n\n\n\n<p><\/p>\n","protected":false},"excerpt":{"rendered":"<p>La Coop\u00e9rative Vous attend ! Nous sommes \u00e0 la recherche de b\u00e9n\u00e9voles pour participer \u00e0 la cr\u00e9ation et \u00e0 la vie de la coop\u00e9rative. En quoi cela consiste t-il ? :&#8211; Apporter ses id\u00e9es et ses comp\u00e9tences techniques &#8211; Participer aux d\u00e9marches administratives &#8211; Participer \u00e0 la mise en place des projets d&#8217;\u00e9nergies renouvelables gr\u00e2ce &hellip; <\/p>\n<p class=\"link-more\"><a href=\"https:\/\/sol-hydro.com\/\" class=\"more-link\">Lire la suite de<span class=\"screen-reader-text\">\u00ab\u00a0Page d&#8217;accueil\u00a0\u00bb<\/span><\/a><\/p>\n","protected":false},"author":1,"featured_media":58,"parent":0,"menu_order":0,"comment_status":"closed","ping_status":"closed","template":"","meta":{"footnotes":""},"class_list":["post-5","page","type-page","status-publish","has-post-thumbnail","hentry"],"jetpack_sharing_enabled":true,"_links":{"self":[{"href":"https:\/\/sol-hydro.com\/index.php\/wp-json\/wp\/v2\/pages\/5","targetHints":{"allow":["GET"]}}],"collection":[{"href":"https:\/\/sol-hydro.com\/index.php\/wp-json\/wp\/v2\/pages"}],"about":[{"href":"https:\/\/sol-hydro.com\/index.php\/wp-json\/wp\/v2\/types\/page"}],"author":[{"embeddable":true,"href":"https:\/\/sol-hydro.com\/index.php\/wp-json\/wp\/v2\/users\/1"}],"replies":[{"embeddable":true,"href":"https:\/\/sol-hydro.com\/index.php\/wp-json\/wp\/v2\/comments?post=5"}],"version-history":[{"count":37,"href":"https:\/\/sol-hydro.com\/index.php\/wp-json\/wp\/v2\/pages\/5\/revisions"}],"predecessor-version":[{"id":405,"href":"https:\/\/sol-hydro.com\/index.php\/wp-json\/wp\/v2\/pages\/5\/revisions\/405"}],"wp:featuredmedia":[{"embeddable":true,"href":"https:\/\/sol-hydro.com\/index.php\/wp-json\/wp\/v2\/media\/58"}],"wp:attachment":[{"href":"https:\/\/sol-hydro.com\/index.php\/wp-json\/wp\/v2\/media?parent=5"}],"curies":[{"name":"wp","href":"https:\/\/api.w.org\/{rel}","templated":true}]}}